2*b - o + 15, 12 = 4*o. Suppose m - l = 30 + 9, -116 = -3*m + b*l. What are the prime factors of m?
2, 5
Let s(g) = 14*g**2 - 94*g + 41. List the prime factors of s(15).
13, 137
Let a(m) = 17*m**3 - m**2 + 7*m - 3. List the prime factors of a(4).
1097
Let n be (12/(-27))/((-3)/27). Suppose c + 5*z = 237, -n*c + 0*c - z = -929. List the prime factors of c.
2, 29
Suppose j - 165 = 3*r, 660 = 5*j - j - 5*r. Suppose -p = i - 6, -4*p = -2*i - 15 - 33. Suppose -5*q + p*q - j = 0. What are the prime factors of q?
3, 11
Suppose 470 = j - 3*u, -11*j + 13*j + 2*u = 956. What are the prime factors of j?
2, 7, 17
What are the prime factors of (-9105)/(-33) + ((-80)/88)/(-10)?
2, 3, 23
Let d be (2 + 0 - 3)*2. Let x be -18*((-12)/(-9))/d. Suppose a = x + 6. List the prime factors of a.
2, 3
Let h = 10 - 10. Suppose 0 = 5*s - 4*d - 2, -2*s + 3*d - 1 - 1 = h. Suppose 2*v - 61 = -v - k, s*v = 2*k + 38. List the prime factors of v.
2, 5
Suppose -5*b = -2*i + 207, -2 - 83 = 2*b - 3*i. Let y = 81 + b. What are the prime factors of y?
2, 5
What are the prime factors of ((-6)/(-4) - 1) + 4579/38?
11
Suppose -15*n + 429 = -11*n + h, -5*n - 2*h = -534. List the prime factors of n.
2, 3
Let h(c) = -1. Let b(w) = -w**3 + 9*w**2 - 9*w + 2. Let x(s) = b(s) + 4*h(s). Let j be x(7). What are the prime factors of 6/10*(j + -3)?
2, 3
Let i = 2552 - 1661. Let g = i - 563. List the prime factors of g.
2, 41
Let t = -19 + 13. Let p(s) = -3 - s + 7 - 8 - 2*s. List the prime factors of p(t).
2, 7
Suppose 7*c - 11912 = -222. What are the prime factors of c?
2, 5, 167
Let u be (2/4)/((-11)/(-6534)). What are the prime factors of (u/15)/((-9)/(-30))?
2, 3, 11
Let y = 929 + 145. What are the prime factors of y?
2, 3, 179
Let n(p) be the second derivative of -p**5/20 - p**4/2 - p**3/2 - 2*p**2 - 10*p. Let f be -5 - (-1 + 2 - -1). What are the prime factors of n(f)?
2, 3, 11
Let r be 30/7 + 14/(-49). Suppose 4*v - 2*v - r*d - 30 = 0, 5*d + 40 = 3*v. Let w(k) = 2*k**2 + k + 3. What are the prime factors of w(v)?
2, 29
List the prime factors of 7/((-224)/(-1644)) + 6/(-16).
3, 17
Let s(a) = -5*a - 3. Let n(d) = 2*d - 4. Let t be n(4). Let z be s(t). Let q = z + 38. What are the prime factors of q?
3, 5
Suppose -4*i + 12 = -68. Let d = 14 - i. What are the prime factors of (d/9)/(2/(-78))?
2, 13
Let v(n) = -3*n - 6 + 15 + 3. Let g be v(4). Suppose -5*c + 8*c - 42 = g. What are the prime factors of c?
2, 7
Let h(v) = v**3 + 22*v**2 - v + 12. What are the prime factors of h(-8)?
2, 229
Let y be 1/((-2)/(-162)*-3). List the prime factors of (-22 + 21)*2*y.
2, 3
Let n = 22 - 29. What are the prime factors of 0/(4 + n) + 66?
2, 3, 11
Let q be (-8)/36 + (-40)/(-18). Let d be -28*q/10*-5. List the prime factors of 2/(-7) + 204/d.
7
Suppose 74*n - 19*n - 222915 = 0. List the prime factors of n.
3, 7, 193
Suppose -r = 25 + 12. Let o = 15 + r. List the prime factors of -5 - o - (2 - 3).
2, 3
Let l(i) = i**3 + i**2 + 2*i + 95. Let t be l(0). Suppose 5 + 4 = 3*x. Suppose x*y - t = -4*w, y = -2*y + w + 85. List the prime factors of y.
29
Suppose -2*n - 2*n + 104 = -4*m, -3*n + 80 = -m. List the prime factors of (-3)/2*(-954)/n.
53
What are the prime factors of 2105/15 - 5/(-3)?
2, 71
Let x = -41 - -19. List the prime factors of x/(-8) - (-13)/52.
3
Let u = 309 - 147. Suppose 0*b - y = 2*b - 6, -4*b = 5*y - 18. Suppose 5*w = b*w + u. What are the prime factors of w?
2, 3
Suppose 2*u = 9*u. Suppose u = 5*y + 2*f - f + 16, 2*y + 10 = -4*f. What are the prime factors of y + (-4)/(-2) - -18?
17
Let z = -2 - 3. Let h(w) = 4*w**2 + 4*w - 23. Let a(r) = -r**2 - r + 1. Let s(c) = z*a(c) - h(c). What are the prime factors of s(0)?
2, 3
Let u(r) = -r**3 - r**2 + 14*r + 7. Let g be u(-7). Let w = 322 - g. List the prime factors of w.
7, 17
Let j(c) = -41 + 4*c + 6*c - 3*c + 3*c. List the prime factors of j(12).
79
Suppose -4*f + 1648 = 4*u, -9*f + 1230 = 3*u - 12*f. What are the prime factors of u?
3, 137
List the prime factors of (326/4)/((4 - 3)/2).
163
Suppose 0*k + 300 = -k. Let b = -172 - k. What are the prime factors of b?
2
Let y(f) = 46 + 21*f**2 - 4*f**3 + 2*f**2 + 3*f**3 - 22*f. What are the prime factors of y(22)?
2, 23
Let i(d) = 8*d - 4. Let r(a) = -2*a + 1. Let z(v) = 2*i(v) + 9*r(v). Let n be z(5). Let c = n - -16. What are the prime factors of c?
7
Let j = 33 + -33. Suppose -w + 19 = -b, j*w + 145 = 5*w + 5*b. What are the prime factors of w?
2, 3
Let v(c) = 14*c**2 - 12*c + 24. What are the prime factors of v(2)?
2, 7
Let j(b) = -170*b**3 + 3*b**2 + 4*b + 1. What are the prime factors of j(-1)?
2, 5, 17
What are the prime factors of 3239/8 + 5/40?
3, 5
Let g = 4 - 10. Let w be (-91)/(-21)*3/1. List the prime factors of (w/(-2) + 3)*g.
3, 7
Let b be ((-4)/(-6))/(2/12). Suppose b = l - 2*l. Let c(u) = u**2 + 2*u + 8. What are the prime factors of c(l)?
2
Suppose 111*x - 108*x - 8490 = -3*k, 0 = 3*k - 4*x - 8511. List the prime factors of k.
2833
Let s(x) = x**3 + 6*x**2 + 5*x + 6. Suppose 0*g + g = 10. Let n(i) = -i + 5. Let h be n(g). What are the prime factors of s(h)?
2, 3
Suppose 4 = 2*x + 20. Let d = 15 - x. Suppose 3*r - 270 = -4*z - d, 2*r - 246 = -4*z. List the prime factors of z.
61
Let v be (-2)/(-7) - (-662)/(-14). Let t(j) = -3*j + 6. Let s be t(12). Let i = s - v. What are the prime factors of i?
17
Let m = 32 - 30. Suppose 52 = m*n - t - t, 4*n - 2*t = 96. List the prime factors of n.
2, 11
Suppose 4*q - 30 = -2*c + 64, -5*c + 191 = -q. Suppose w - c - 27 = 0. List the prime factors of w.
2, 3, 11
Let o be ((-6)/5)/((-2)/200). Let q be ((-7)/(-3))/(4/o). Let k = -43 + q. List the prime factors of k.
3
List the prime factors of (-16)/20 - (-80136)/45.
2, 5, 89
Suppose 0 = q - 3*l - 977, 0 = -q + 4*l + 718 + 255. List the prime factors of q.
23, 43
Let m(t) = 25*t**3 + 35*t**3 - t - 13*t**3 - t**2 + 8*t**3. Let z be m(-1). List the prime factors of 33/z - (-336)/10.
3, 11
Let h = 7 - 47. Let j = -17 - h. List the prime factors of j.
23
Suppose 0 = 4*r - 5*o - 8049, 5*r - 8497 = -o + 1528. List the prime factors of r.
2, 17, 59
Let h = 429 - 305. Let g = h - 55. What are the prime factors of g?
3, 23
Let u = -348 + 616. Suppose f - 62 = -5*m, 2 - u = -5*f - 3*m. Suppose 3*w = -10 + f. List the prime factors of w.
2, 7
Let z(p) = -44*p + 29. Suppose 8*g = 12*g + 20. List the prime factors of z(g).
3, 83
Suppose -4*u + 266 = t, 5*t + u = t + 1109. Suppose 0 = -5*k + 3*z + t, -k - 4*k - 2*z + 273 = 0. List the prime factors of k.
5, 11
Let t be 62/(-1 + (-30)/(-26)). Suppose -10*r + 1337 + t = 0. List the prime factors of r.
2, 3, 29
What are the prime factors of 222/5*(-350)/(-35)?
2, 3, 37
Let r(x) = -x + 2. Let u be r(-4). Let m(s) = -3*s + 3 - 3*s**2 + s**3 + 1 + u*s**2 + s**3. List the prime factors of m(2).
2, 13
Let w(n) = n**3 + 5*n**2 - 3*n + 14. Let v be w(-6). What are the prime factors of v/(-3) + 212/12?
19
Let p(f) = -f**2 - 2*f + 22. Let a be p(-10). Let w = -6 - a. Suppose -4*c - h = -47, 5*c + 2*h - w = 3*h. List the prime factors of c.
11
Let o(n) = 5*n - 11. Let p(f) = -5*f + 12. Let y(q) = 4*o(q) + 3*p(q). Let c be 0 + (-1)/(-2) + 171/18. What are the prime factors of y(c)?
2, 3, 7
Let a = 29 + -30. Suppose 5*m - m = -72. Let z = a - m. List the prime factors of z.
17
Let x(v) = -v - 2. Let z be x(-8). Suppose -l + 2*n + 66 = 0, 0 = -2*n - 4 - z. List the prime factors of l.
2, 7
Suppose 2*d - 627 = -3*p + 229, 5*d + 4*p - 2154 = 0. List the prime factors of d.
2, 7, 31
Suppose 18*j + 3675 = 25*j. List the prime factors of j.
3, 5, 7
Let g(k) = -2*k**3 + 26*k**2 - 14*k - 1. List the prime factors of g(10).
3, 17
Let x be 162/14 - 24/(-56). Suppose 25 + 107 = x*b. List the prime factors of b.
11
Let a(p) = p**3 + 33*p**2 + 19*p - 105. What are the prime factors of a(-32)?
311
Let h be (-2 + (-48)/(-15))*10/4. List the prime factors of ((-8)/12)/(h/(-18)).
2
Let g(z) = 27*z**2 - 26*z - 3. List the prime factors of g(6).
3, 271
Let u(a) = 148*a - 43. List the prime factors of u(4).
3, 61
Suppose -28*l = 16193 - 43521. What are the prime factors of l?
2, 61
Let n = 1615 - 39. What are the prime factors of n?
2, 197
Let u be 34/4 + 18/(-12). Suppose 4*b = -u*a + 3*a + 56, a - 4*b + 11 = 0. List the prime factors of a.
3
Let s be (-6)/36 + 31/6. Suppose 3*l - s*l + 50 = 0